{"id":1743,"date":"2019-12-05T09:17:16","date_gmt":"2019-12-05T09:17:16","guid":{"rendered":"https:\/\/demoapus2.com\/rekon\/?page_id=1743"},"modified":"2025-07-30T12:56:17","modified_gmt":"2025-07-30T10:56:17","slug":"about-1","status":"publish","type":"page","link":"https:\/\/oftnouvellevision.com\/?page_id=1743","title":{"rendered":"\u00c0 Propos"},"content":{"rendered":"\t\t<div data-elementor-type=\"wp-page\" data-elementor-id=\"1743\" class=\"elementor elementor-1743\" data-elementor-post-type=\"page\">\n\t\t\t\t\t\t<section class=\"elementor-section elementor-top-section elementor-element elementor-element-62f68b5 elementor-section-stretched elementor-section-boxed elementor-section-height-default elementor-section-height-default\" data-id=\"62f68b5\" data-element_type=\"section\" data-settings=\"{&quot;stretch_section&quot;:&quot;section-stretched&quot;}\">\n\t\t\t\t\t\t<div class=\"elementor-container elementor-column-gap-extended\">\n\t\t\t\t\t<div class=\"elementor-column elementor-col-100 elementor-top-column elementor-element elementor-element-d88d9fc\" data-id=\"d88d9fc\" data-element_type=\"column\">\n\t\t\t<div class=\"elementor-widget-wrap elementor-element-populated\">\n\t\t\t\t\t\t<div class=\"elementor-element elementor-element-2c75355 elementor-widget elementor-widget-apus_element_heading\" data-id=\"2c75355\" data-element_type=\"widget\" data-widget_type=\"apus_element_heading.default\">\n\t\t\t\t<div class=\"elementor-widget-container\">\n\t\t\t\t\t<div class=\"apus-heading l-center \"><h2 class=\"heading-title\"><span>Notre Mission<\/span><\/h2><div class=\"wt-separator-outer\">\n                            <div class=\"wt-separator\">\n                                <span class=\"separator-left bg-theme\"><\/span>\n                                <span class=\"separator-right bg-theme\"><\/span>\n                            <\/div>\n                        <\/div><div class=\"sub\"><div class=\"sub-title-inside\">Chez OFT Nouvelle Vision, nous avons pour mission de concevoir, construire et g\u00e9rer des espaces qui am\u00e9liorent durablement la qualit\u00e9 de vie de nos clients. Nous combinons esth\u00e9tique, fonctionnalit\u00e9 et innovation pour offrir des solutions immobili\u00e8res compl\u00e8tes, respectueuses des normes et de l\u2019environnement.<\/div><\/div><\/div>\t\t\t\t<\/div>\n\t\t\t\t<\/div>\n\t\t\t\t\t<\/div>\n\t\t<\/div>\n\t\t\t\t\t<\/div>\n\t\t<\/section>\n\t\t\t\t<section class=\"elementor-section elementor-top-section elementor-element elementor-element-5d38cf0 elementor-section-stretched elementor-section-boxed elementor-section-height-default elementor-section-height-default\" data-id=\"5d38cf0\" data-element_type=\"section\" data-settings=\"{&quot;stretch_section&quot;:&quot;section-stretched&quot;}\">\n\t\t\t\t\t\t<div class=\"elementor-container elementor-column-gap-extended\">\n\t\t\t\t\t<div class=\"elementor-column elementor-col-50 elementor-top-column elementor-element elementor-element-969133f\" data-id=\"969133f\" data-element_type=\"column\">\n\t\t\t<div class=\"elementor-widget-wrap elementor-element-populated\">\n\t\t\t\t\t\t<div class=\"elementor-element elementor-element-bf36681 elementor-widget__width-initial elementor-widget-tablet__width-initial elementor-widget elementor-widget-apus_element_banner\" data-id=\"bf36681\" data-element_type=\"widget\" data-widget_type=\"apus_element_banner.default\">\n\t\t\t\t<div class=\"elementor-widget-container\">\n\t\t\t\t\t        <div class=\"widget-banner  style2\">\n                            <div class=\"banner-image-bg\" style=\"background-image:url(https:\/\/oftnouvellevision.com\/wp-content\/uploads\/2025\/04\/oft2.png)\"><\/div>                   \n            \n            <div class=\"widget-banner-inner \">\n                                <div class=\"widget-banner-content\">\n                                    <\/div>\n                            <\/div>\n        <\/div>\n        \t\t\t\t<\/div>\n\t\t\t\t<\/div>\n\t\t\t\t<div class=\"elementor-element elementor-element-2924e31 elementor-widget__width-initial elementor-widget-tablet__width-initial elementor-widget elementor-widget-apus_element_banner\" data-id=\"2924e31\" data-element_type=\"widget\" data-widget_type=\"apus_element_banner.default\">\n\t\t\t\t<div class=\"elementor-widget-container\">\n\t\t\t\t\t        <div class=\"widget-banner  style2\">\n                            <div class=\"banner-image-bg\" style=\"background-image:url(https:\/\/oftnouvellevision.com\/wp-content\/uploads\/2025\/04\/SLIDE-1.png)\"><\/div>                   \n            \n            <div class=\"widget-banner-inner \">\n                                <div class=\"widget-banner-content\">\n                                    <\/div>\n                            <\/div>\n        <\/div>\n        \t\t\t\t<\/div>\n\t\t\t\t<\/div>\n\t\t\t\t\t<\/div>\n\t\t<\/div>\n\t\t\t\t<div class=\"elementor-column elementor-col-50 elementor-top-column elementor-element elementor-element-1058d42\" data-id=\"1058d42\" data-element_type=\"column\">\n\t\t\t<div class=\"elementor-widget-wrap elementor-element-populated\">\n\t\t\t\t\t\t<div class=\"elementor-element elementor-element-3bbd28b elementor-widget elementor-widget-heading\" data-id=\"3bbd28b\" data-element_type=\"widget\" data-widget_type=\"heading.default\">\n\t\t\t\t<div class=\"elementor-widget-container\">\n\t\t\t\t\t<h2 class=\"elementor-heading-title elementor-size-default\">\u00c0 propos de nous<\/h2>\t\t\t\t<\/div>\n\t\t\t\t<\/div>\n\t\t\t\t<div class=\"elementor-element elementor-element-a0f168d elementor-widget elementor-widget-heading\" data-id=\"a0f168d\" data-element_type=\"widget\" data-widget_type=\"heading.default\">\n\t\t\t\t<div class=\"elementor-widget-container\">\n\t\t\t\t\t<h3 class=\"elementor-heading-title elementor-size-default\">Une \u00e9quipe de qualit\u00e9, au service de vos projets<\/h3>\t\t\t\t<\/div>\n\t\t\t\t<\/div>\n\t\t\t\t<div class=\"elementor-element elementor-element-c427ff4 elementor-widget elementor-widget-heading\" data-id=\"c427ff4\" data-element_type=\"widget\" data-widget_type=\"heading.default\">\n\t\t\t\t<div class=\"elementor-widget-container\">\n\t\t\t\t\t<p class=\"elementor-heading-title elementor-size-default\">OFT Nouvelle Vision est une entreprise ivoirienne sp\u00e9cialis\u00e9e dans les solutions immobili\u00e8res sur mesure. De la construction \u00e0 la gestion, en passant par la r\u00e9novation, la d\u00e9coration, ou la menuiserie, nous r\u00e9unissons des professionnels exp\u00e9riment\u00e9s pour r\u00e9pondre \u00e0 tous vos besoins. Notre approche repose sur l\u2019excellence, l\u2019innovation et une responsabilit\u00e9 engag\u00e9e.exercitation\nullamco laboris nisi ut aliquip ex ea commodo consequat.<\/p>\t\t\t\t<\/div>\n\t\t\t\t<\/div>\n\t\t\t\t\t<\/div>\n\t\t<\/div>\n\t\t\t\t\t<\/div>\n\t\t<\/section>\n\t\t\t\t<section class=\"elementor-section elementor-top-section elementor-element elementor-element-a7795ec elementor-section-stretched elementor-section-boxed elementor-section-height-default elementor-section-height-default\" data-id=\"a7795ec\" data-element_type=\"section\" data-settings=\"{&quot;stretch_section&quot;:&quot;section-stretched&quot;,&quot;background_background&quot;:&quot;classic&quot;}\">\n\t\t\t\t\t\t\t<div class=\"elementor-background-overlay\"><\/div>\n\t\t\t\t\t\t\t<div class=\"elementor-container elementor-column-gap-extended\">\n\t\t\t\t\t<div class=\"elementor-column elementor-col-100 elementor-top-column elementor-element elementor-element-ab34e70\" data-id=\"ab34e70\" data-element_type=\"column\">\n\t\t\t<div class=\"elementor-widget-wrap elementor-element-populated\">\n\t\t\t\t\t\t<div class=\"elementor-element elementor-element-e865231 elementor-widget elementor-widget-image\" data-id=\"e865231\" data-element_type=\"widget\" data-widget_type=\"image.default\">\n\t\t\t\t<div class=\"elementor-widget-container\">\n\t\t\t\t\t\t\t\t\t\t\t\t\t\t\t<img decoding=\"async\" src=\"https:\/\/oftnouvellevision.com\/wp-content\/uploads\/elementor\/thumbs\/grand-blanc-r3h1hvqlya5ijmd6spfmf1oh0tvkdh54nj0spmt65w.png\" title=\"grand blanc\" alt=\"grand blanc\" loading=\"lazy\" \/>\t\t\t\t\t\t\t\t\t\t\t\t\t\t\t<\/div>\n\t\t\t\t<\/div>\n\t\t\t\t<div class=\"elementor-element elementor-element-b72f589 elementor-widget__width-initial elementor-widget-tablet__width-initial elementor-widget-mobile__width-initial elementor-widget elementor-widget-heading\" data-id=\"b72f589\" data-element_type=\"widget\" data-widget_type=\"heading.default\">\n\t\t\t\t<div class=\"elementor-widget-container\">\n\t\t\t\t\t<h2 class=\"elementor-heading-title elementor-size-default\">Nous b\u00e2tissons aujourd\u2019hui les espaces de demain.<\/h2>\t\t\t\t<\/div>\n\t\t\t\t<\/div>\n\t\t\t\t<div class=\"elementor-element elementor-element-bdc891d elementor-widget__width-initial elementor-widget-tablet__width-initial elementor-widget-mobile__width-initial elementor-widget elementor-widget-heading\" data-id=\"bdc891d\" data-element_type=\"widget\" data-widget_type=\"heading.default\">\n\t\t\t\t<div class=\"elementor-widget-container\">\n\t\t\t\t\t<p class=\"elementor-heading-title elementor-size-default\">Parce que chaque projet immobilier est unique, OFT Nouvelle Vision transforme vos id\u00e9es en r\u00e9alit\u00e9s concr\u00e8tes, avec rigueur, transparence et cr\u00e9ativit\u00e9. Nous construisons bien plus que des b\u00e2timents : nous fa\u00e7onnons votre cadre de vie.<\/p>\t\t\t\t<\/div>\n\t\t\t\t<\/div>\n\t\t\t\t<div class=\"elementor-element elementor-element-baaa45e elementor-align-center elementor-widget elementor-widget-button\" data-id=\"baaa45e\" data-element_type=\"widget\" data-widget_type=\"button.default\">\n\t\t\t\t<div class=\"elementor-widget-container\">\n\t\t\t\t\t\t\t\t\t<div class=\"elementor-button-wrapper\">\n\t\t\t\t\t<a class=\"elementor-button elementor-button-link elementor-size-sm\" href=\"https:\/\/oftnouvellevision.com\/?page_id=970\">\n\t\t\t\t\t\t<span class=\"elementor-button-content-wrapper\">\n\t\t\t\t\t\t\t\t\t<span class=\"elementor-button-text\">En savoir plus<\/span>\n\t\t\t\t\t<\/span>\n\t\t\t\t\t<\/a>\n\t\t\t\t<\/div>\n\t\t\t\t\t\t\t\t<\/div>\n\t\t\t\t<\/div>\n\t\t\t\t\t<\/div>\n\t\t<\/div>\n\t\t\t\t\t<\/div>\n\t\t<\/section>\n\t\t\t\t<section class=\"elementor-section elementor-top-section elementor-element elementor-element-d5ec006 elementor-section-stretched elementor-section-boxed elementor-section-height-default elementor-section-height-default\" data-id=\"d5ec006\" data-element_type=\"section\" data-settings=\"{&quot;stretch_section&quot;:&quot;section-stretched&quot;,&quot;background_background&quot;:&quot;classic&quot;}\">\n\t\t\t\t\t\t<div class=\"elementor-container elementor-column-gap-extended\">\n\t\t\t\t\t<div class=\"elementor-column elementor-col-100 elementor-top-column elementor-element elementor-element-96b6cfe\" data-id=\"96b6cfe\" data-element_type=\"column\">\n\t\t\t<div class=\"elementor-widget-wrap elementor-element-populated\">\n\t\t\t\t\t\t<section class=\"elementor-section elementor-inner-section elementor-element elementor-element-d133205 elementor-section-boxed elementor-section-height-default elementor-section-height-default\" data-id=\"d133205\" data-element_type=\"section\">\n\t\t\t\t\t\t<div class=\"elementor-container elementor-column-gap-extended\">\n\t\t\t\t\t<div class=\"elementor-column elementor-col-100 elementor-inner-column elementor-element elementor-element-2803c07\" data-id=\"2803c07\" data-element_type=\"column\">\n\t\t\t<div class=\"elementor-widget-wrap elementor-element-populated\">\n\t\t\t\t\t\t<div class=\"elementor-element elementor-element-5c7d63c elementor-widget elementor-widget-apus_element_heading\" data-id=\"5c7d63c\" data-element_type=\"widget\" data-widget_type=\"apus_element_heading.default\">\n\t\t\t\t<div class=\"elementor-widget-container\">\n\t\t\t\t\t<div class=\"apus-heading l-center \"><h2 class=\"heading-title\"><span>Nos domaines d\u2019intervention<\/span><\/h2><div class=\"wt-separator-outer\">\n                            <div class=\"wt-separator\">\n                                <span class=\"separator-left bg-theme\"><\/span>\n                                <span class=\"separator-right bg-theme\"><\/span>\n                            <\/div>\n                        <\/div><\/div>\t\t\t\t<\/div>\n\t\t\t\t<\/div>\n\t\t\t\t<div class=\"elementor-element elementor-element-0c48e74 elementor-widget__width-inherit elementor-widget elementor-widget-apus_element_features_box\" data-id=\"0c48e74\" data-element_type=\"widget\" data-widget_type=\"apus_element_features_box.default\">\n\t\t\t\t<div class=\"elementor-widget-container\">\n\t\t\t\t\t            <div class=\"widget-features-box  center style2\">\n\n                    <div class=\"row\">\n                                                        <div class=\"col-xs-12 col-sm-6 col-md-4 col-lg-4\">\n                                    <div class=\"item\">\n                                    \n                                    <div class=\"item-inner\">\n\n                                    <div class=\"features-box-image img\"><img fetchpriority=\"high\" decoding=\"async\" width=\"1024\" height=\"1024\" src=\"https:\/\/oftnouvellevision.com\/wp-content\/uploads\/2025\/04\/ChatGPT-Image-21-avr.-2025-13_50_43.png\" class=\"attachment-full size-full wp-image-4197\" alt=\"\" srcset=\"https:\/\/oftnouvellevision.com\/wp-content\/uploads\/2025\/04\/ChatGPT-Image-21-avr.-2025-13_50_43.png 1024w, https:\/\/oftnouvellevision.com\/wp-content\/uploads\/2025\/04\/ChatGPT-Image-21-avr.-2025-13_50_43-300x300.png 300w, https:\/\/oftnouvellevision.com\/wp-content\/uploads\/2025\/04\/ChatGPT-Image-21-avr.-2025-13_50_43-150x150.png 150w, https:\/\/oftnouvellevision.com\/wp-content\/uploads\/2025\/04\/ChatGPT-Image-21-avr.-2025-13_50_43-768x768.png 768w, https:\/\/oftnouvellevision.com\/wp-content\/uploads\/2025\/04\/ChatGPT-Image-21-avr.-2025-13_50_43-460x460.png 460w\" sizes=\"(max-width: 1024px) 100vw, 1024px\" \/><\/div><div class=\"features-box-content\"><h3 class=\"title\">Construction Immobili\u00e8re<\/h3><div class=\"description\">Maisons individuelles construites sur mesure.<\/div><\/div>\n                                <\/div>\n\n                            <\/div>\n\n                            <\/div>\n                                                        <div class=\"col-xs-12 col-sm-6 col-md-4 col-lg-4\">\n                                    <div class=\"item\">\n                                    \n                                    <div class=\"item-inner\">\n\n                                    <div class=\"features-box-image img\"><img decoding=\"async\" src=\"https:\/\/oftnouvellevision.com\/wp-content\/uploads\/elementor\/thumbs\/black-businessman-happy-expression-scaled-r9imgqb5vyhq510ht80vgnegse1s34p8axk41fgmbk.jpg\" title=\"black businessman happy expression\" alt=\"black businessman happy expression\" loading=\"lazy\" \/><\/div><div class=\"features-box-content\"><h3 class=\"title\">Gestion Immobili\u00e8re<\/h3><div class=\"description\">Suivi locatif, maintenance, relation locataires-propri\u00e9taires. <\/div><\/div>\n                                <\/div>\n\n                            <\/div>\n\n                            <\/div>\n                                                        <div class=\"col-xs-12 col-sm-6 col-md-4 col-lg-4\">\n                                    <div class=\"item\">\n                                    \n                                    <div class=\"item-inner\">\n\n                                    <div class=\"features-box-image img\"><img decoding=\"async\" src=\"https:\/\/oftnouvellevision.com\/wp-content\/uploads\/elementor\/thumbs\/woman-suit-is-standing-front-house-that-has-laptop-her-lap-scaled-r9imlqs6c5cs25qcje18rduyudc950lozqtc6k114w.jpg\" title=\"woman-suit-is-standing-front-house-that-has-laptop-her-lap\" alt=\"woman-suit-is-standing-front-house-that-has-laptop-her-lap\" loading=\"lazy\" \/><\/div><div class=\"features-box-content\"><h3 class=\"title\">Location &amp; Vente<\/h3><div class=\"description\">Mise en valeur et commercialisation de biens immobiliers.<\/div><\/div>\n                                <\/div>\n\n                            <\/div>\n\n                            <\/div>\n                                                        <div class=\"col-xs-12 col-sm-6 col-md-4 col-lg-4\">\n                                    <div class=\"item\">\n                                    \n                                    <div class=\"item-inner\">\n\n                                    <div class=\"features-box-image img\"><img decoding=\"async\" src=\"https:\/\/oftnouvellevision.com\/wp-content\/uploads\/elementor\/thumbs\/young-african-american-builder-man-wearing-construction-uniform-safety-helmet-holding-brush-paint-roller-smiling-friendly-standing-blue-scaled-r9imnliptdw4yh1epovr6f0p0q7bbiymwx4t97a2v4.jpg\" title=\"young african american builder man wearing construction uniform and safety helmet holding brush and paint roller looking at camera smiling friendly standing over blue background\" alt=\"young african american builder man wearing construction uniform and safety helmet holding brush and paint roller looking at camera smiling friendly standing over blue background\" loading=\"lazy\" \/><\/div><div class=\"features-box-content\"><h3 class=\"title\">Plomberie, Peinture &amp; \u00c9lectricit\u00e9<\/h3><div class=\"description\">Prestations professionnelles pour des b\u00e2timents neufs ou \u00e0 r\u00e9nover.<\/div><\/div>\n                                <\/div>\n\n                            <\/div>\n\n                            <\/div>\n                                                        <div class=\"col-xs-12 col-sm-6 col-md-4 col-lg-4\">\n                                    <div class=\"item\">\n                                    \n                                    <div class=\"item-inner\">\n\n                                    <div class=\"features-box-image img\"><img decoding=\"async\" src=\"https:\/\/oftnouvellevision.com\/wp-content\/uploads\/elementor\/thumbs\/carpenter-cutting-mdf-board-inside-workshop-scaled-r9impam85m7rx4knsxai6hlnmru67up6tbjdg6rhmo.jpg\" title=\"carpenter-cutting-mdf-board-inside-workshop\" alt=\"carpenter-cutting-mdf-board-inside-workshop\" loading=\"lazy\" \/><\/div><div class=\"features-box-content\"><h3 class=\"title\">Menuiserie &amp; \u00c9b\u00e9nisterie<\/h3><div class=\"description\">Mobilier et ouvrages sur mesure de haute finition.<\/div><\/div>\n                                <\/div>\n\n                            <\/div>\n\n                            <\/div>\n                                                        <div class=\"col-xs-12 col-sm-6 col-md-4 col-lg-4\">\n                                    <div class=\"item\">\n                                    \n                                    <div class=\"item-inner\">\n\n                                    <div class=\"features-box-image img\"><img decoding=\"async\" src=\"https:\/\/oftnouvellevision.com\/wp-content\/uploads\/elementor\/thumbs\/3888802_11919-scaled-r9imtjtx3m1ihke3y9ioywxsgkv02ilfqdvioagbgg.jpg\" title=\"Living Room Interior Design\" alt=\"Living room interior design with sofa pillows and lamp isometric vector illustration\" loading=\"lazy\" \/><\/div><div class=\"features-box-content\"><h3 class=\"title\"> Architecture d\u2019int\u00e9rieur<\/h3><div class=\"description\">Prestations professionnelles pour des b\u00e2timents neufs ou \u00e0 r\u00e9nover.<\/div><\/div>\n                                <\/div>\n\n                            <\/div>\n\n                            <\/div>\n                                            <\/div>\n\n            <\/div>\n            \t\t\t\t<\/div>\n\t\t\t\t<\/div>\n\t\t\t\t\t<\/div>\n\t\t<\/div>\n\t\t\t\t\t<\/div>\n\t\t<\/section>\n\t\t\t\t\t<\/div>\n\t\t<\/div>\n\t\t\t\t\t<\/div>\n\t\t<\/section>\n\t\t\t\t<\/div>\n\t\t","protected":false},"excerpt":{"rendered":"<p>Notre Mission Chez OFT Nouvelle Vision, nous avons pour mission de concevoir, construire et g\u00e9rer des espaces qui am\u00e9liorent durablement la qualit\u00e9 de vie de nos clients. Nous combinons esth\u00e9tique, fonctionnalit\u00e9 et innovation pour offrir des solutions immobili\u00e8res compl\u00e8tes, respectueuses des normes et de l\u2019environnement. \u00c0 propos de nous Une \u00e9quipe de qualit\u00e9, au service &hellip; <br \/><a href=\"https:\/\/oftnouvellevision.com\/?page_id=1743\" class=\"more-link\">Continue reading <span class=\"screen-reader-text\">\u00c0 Propos<\/span><\/a><\/p>\n","protected":false},"author":1,"featured_media":0,"parent":0,"menu_order":0,"comment_status":"closed","ping_status":"closed","template":"","meta":{"_monsterinsights_skip_tracking":false,"_monsterinsights_sitenote_active":false,"_monsterinsights_sitenote_note":"","_monsterinsights_sitenote_category":0,"footnotes":""},"class_list":["post-1743","page","type-page","status-publish","hentry"],"aioseo_notices":[],"_links":{"self":[{"href":"https:\/\/oftnouvellevision.com\/index.php?rest_route=\/wp\/v2\/pages\/1743","targetHints":{"allow":["GET"]}}],"collection":[{"href":"https:\/\/oftnouvellevision.com\/index.php?rest_route=\/wp\/v2\/pages"}],"about":[{"href":"https:\/\/oftnouvellevision.com\/index.php?rest_route=\/wp\/v2\/types\/page"}],"author":[{"embeddable":true,"href":"https:\/\/oftnouvellevision.com\/index.php?rest_route=\/wp\/v2\/users\/1"}],"replies":[{"embeddable":true,"href":"https:\/\/oftnouvellevision.com\/index.php?rest_route=%2Fwp%2Fv2%2Fcomments&post=1743"}],"version-history":[{"count":5,"href":"https:\/\/oftnouvellevision.com\/index.php?rest_route=\/wp\/v2\/pages\/1743\/revisions"}],"predecessor-version":[{"id":4214,"href":"https:\/\/oftnouvellevision.com\/index.php?rest_route=\/wp\/v2\/pages\/1743\/revisions\/4214"}],"wp:attachment":[{"href":"https:\/\/oftnouvellevision.com\/index.php?rest_route=%2Fwp%2Fv2%2Fmedia&parent=1743"}],"curies":[{"name":"wp","href":"https:\/\/api.w.org\/{rel}","templated":true}]}}